{"id":4,"date":"2005-04-25T22:16:15","date_gmt":"2005-04-25T20:16:15","guid":{"rendered":"http:\/\/www.diabsite.de\/diabetes-weblog\/?page_id=4"},"modified":"2014-02-11T15:11:19","modified_gmt":"2014-02-11T14:11:19","slug":"rss-feed","status":"publish","type":"page","link":"https:\/\/www.diabsite.de\/diabetes-weblog\/rss-feed\/","title":{"rendered":"RSS?"},"content":{"rendered":"<p>Der Diabetes-RSS-Feed der DiabSite: Aktueller geht&#8217;s nicht.<br \/>\nGleichzeitig zum Weblog steht Ihnen ab sofort auch ein RSS-Feed mit allen Beitr\u00e4gen aus dem Blog zur Verf\u00fcgung. Damit erfahren Sie sofort, wenn neue Nachrichten oder Beitr\u00e4ge ver\u00f6ffentlicht werden, ohne dass Sie dazu den Weblog oder die Website im Internet besuchen oder auf den n\u00e4chsten Newsletter warten m\u00fcssen.<\/p>\n<p><strong>RSS? Was ist das?<\/strong><br \/>\nRSS ist ein plattform-unabh\u00e4ngiges, auf XML basierendes Format. Es wurde entwickelt, um schnell, kosteng\u00fcnstig und sicher Nachrichten und andere Web-Inhalte von einem Rechner (dem Internet-Server) auf einen anderen (Ihren PC zu Hause) zu \u00fcbertragen. Der RSS-Feed selbst ist eine XML-Datei, die wir Ihnen&nbsp;&#8211; selbstverst\u00e4ndlich kostenlos&nbsp;&#8211; zum automatischen Abruf durch Ihren RSS-Reader zur Verf\u00fcgung stellen. Sie enth\u00e4lt jeweils die \u00dcberschrift und den ersten Absatz (den so genannten &#8222;Teaser&#8220;) aller neuen Nachrichten aus dem DiabSite Diabetes-Weblog. Wenn Sie einen Artikel lesen m\u00f6chten, klicken Sie einfach auf den beigef\u00fcgten Link zum Volltext auf der DiabSite. <\/p>\n<p>Mit RSS-Feeds sparen Sie also Zeit (weil Sie die Websites nicht mehr besuchen m\u00fcssen, um zu erfahren, ob und welche neuen Nachrichten es gibt) und Geld (weil Sie weniger Zeit online verbringen). Und obendrein sind Sie so schnell informiert wie nie.<\/p>\n<p><strong>Wof\u00fcr steht RSS?<\/strong><br \/>\nDie Abk\u00fcrzung steht in jeder RSS-Version f\u00fcr etwas anderes. Tats\u00e4chlich ist es so, dass es momentan parallel verschiedene Versionen f\u00fcr das Format gibt, die zum Teil aufeinander aufbauend, zum Teil mehr oder weniger unabh\u00e4ngig voneinander entwickelt wurden und werden. Und jede dieser Versionen hat sich einen eigenen Namen gegeben:<\/p>\n<p>* Rich Site Summary (RSS 0.9x, \u00fcbersetzt etwa: Reiche Seitenzusammenfassung)<br \/>\n* RDF Site Summary (RSS 1.0, RDF-Seitenzusammenfassung)<br \/>\n* Really Simple Syndication (RSS 2.0, Wirklich einfache Syndikation)<\/p>\n<p>Genauere und ausf\u00fchrlichere Informationen zur Historie und zu den technischen Spezifikationen gibt es zum Beispiel bei Wikipedia.<\/p>\n<p><strong>Wie lese ich RSS-Feeds?<\/strong><\/p>\n<p>Das ist eigentlich wirklich ganz unkompliziert:<\/p>\n<p>1\\. Sie installieren ein geeignetes kleines Programm, das in der Lage ist, die Feeds zu verarbeiten, einen so genannten &#8222;RSS-Reader&#8220; oder auch &#8222;Feed-Reader&#8220;. RSS-Reader sind meist kostenlos als Freeware im Internet erh\u00e4ltlich. Eine aktuelle \u00dcbersicht finden Sie im <a href=\"http:\/\/www.rss-verzeichnis.de\/rss-reader.php\" target=\"_blank\">RSS-Verzeichnis<\/a>.<\/p>\n<p>2\\. Sie legen in diesem Programm einen Eintrag wie zum Beispiel &#8222;DiabSite Weblog&#8220; an und geben die Linkadresse ein, unter der der RSS-Feed zu finden ist (z.B. <a href=\"https:\/\/www.diabsite.de\/diabetes-weblog\/feed\/\" target=\"_blank\">https:\/\/www.diabsite.de\/diabetes-weblog\/feed<\/a>) bzw. kopieren diesen mit der rechten Maustaste und f\u00fcgen ihn mit Strg+V in den Reader ein.<\/p>\n<p>Und das war&#8217;s dann schon. Den Rest erledigt der RSS-Reader. Er wird in regelm\u00e4\u00dfigen Abst\u00e4nden nachschauen, ob der Feed aktualisiert wurde und gegebenenfalls das neue &#8222;Futter&#8220; (engl. feed = Zufuhr oder Futter) abholen. Wie oft Sie das Programm zum Nachschauen schicken (alle 5&nbsp;Minuten oder nur zweimal t\u00e4glich), k\u00f6nnen Sie nach Ihrem pers\u00f6nlichen Gusto einstellen. Die meisten der RSS-Reader sind auch in der Lage, Sie durch eine Meldung auf dem Bildschirm darauf aufmerksam zu machen, dass es Neues gibt.<\/p>\n","protected":false},"excerpt":{"rendered":"<p>Der Diabetes-RSS-Feed der DiabSite: Aktueller geht&#8217;s nicht. Gleichzeitig zum Weblog steht Ihnen ab sofort auch ein RSS-Feed mit allen Beitr\u00e4gen aus dem Blog zur Verf\u00fcgung. Damit erfahren Sie sofort, wenn neue Nachrichten oder Beitr\u00e4ge ver\u00f6ffentlicht werden, ohne dass Sie dazu den Weblog oder die Website im Internet besuchen oder auf den n\u00e4chsten Newsletter warten m\u00fcssen. [&hellip;]<\/p>\n","protected":false},"author":1,"featured_media":0,"parent":0,"menu_order":3,"comment_status":"closed","ping_status":"closed","template":"","meta":{"footnotes":""},"_links":{"self":[{"href":"https:\/\/www.diabsite.de\/diabetes-weblog\/wp-json\/wp\/v2\/pages\/4"}],"collection":[{"href":"https:\/\/www.diabsite.de\/diabetes-weblog\/wp-json\/wp\/v2\/pages"}],"about":[{"href":"https:\/\/www.diabsite.de\/diabetes-weblog\/wp-json\/wp\/v2\/types\/page"}],"author":[{"embeddable":true,"href":"https:\/\/www.diabsite.de\/diabetes-weblog\/wp-json\/wp\/v2\/users\/1"}],"replies":[{"embeddable":true,"href":"https:\/\/www.diabsite.de\/diabetes-weblog\/wp-json\/wp\/v2\/comments?post=4"}],"version-history":[{"count":5,"href":"https:\/\/www.diabsite.de\/diabetes-weblog\/wp-json\/wp\/v2\/pages\/4\/revisions"}],"predecessor-version":[{"id":28768,"href":"https:\/\/www.diabsite.de\/diabetes-weblog\/wp-json\/wp\/v2\/pages\/4\/revisions\/28768"}],"wp:attachment":[{"href":"https:\/\/www.diabsite.de\/diabetes-weblog\/wp-json\/wp\/v2\/media?parent=4"}],"curies":[{"name":"wp","href":"https:\/\/api.w.org\/{rel}","templated":true}]}}