{"id":18,"date":"2005-04-27T15:07:07","date_gmt":"2005-04-27T13:07:07","guid":{"rendered":"http:\/\/www.diabsite.de\/diabetes-weblog\/?page_id=18"},"modified":"2012-12-16T21:30:42","modified_gmt":"2012-12-16T20:30:42","slug":"impressum","status":"publish","type":"page","link":"https:\/\/www.diabsite.de\/diabetes-weblog\/impressum\/","title":{"rendered":"Impressum"},"content":{"rendered":"<p>Das DiabSite Diabetes-Weblog ist ein publizistisches Angebot von <a href=\"https:\/\/www.diabsite.de\/diabsite\/profil\/initiatorin.html\" target=\"_blank\">Helga Uphoff<\/a>, Chefredakteurin, freie Journalistin und Diabetikerin. Sie ist sich der besonderen Verantwortung bewusst, die mit der Vermittlung von Gesundheitsinformationen verbunden ist. <\/p>\n<p>Obwohl alle Inhalte sorgf\u00e4ltig gepr\u00fcft werden, kann eine Garantie f\u00fcr die Vollst\u00e4ndigkeit, Richtigkeit und letzte Aktualit\u00e4t nicht \u00fcbernommen werden. Die Redaktion des Diabetes-Portals DiabSite haftet daher nicht f\u00fcr Sch\u00e4den, die im Zusammenhang mit der Verwendung oder dem Missbrauch der dargebotenen Inhalte entstehen.<\/p>\n<h4>Die Informationen auf den Seiten folgender Projekte ersetzen in keinem Fall den pers\u00f6nlichen Arztbesuch!<\/h4>\n<p>&#8211; <a href=\"https:\/\/www.diabsite.de\/diabetes-weblog\/\" target=\"_blank\">DiabSite Diabetes-Weblog<\/a><br \/>\n&#8211; <a href=\"https:\/\/www.diabsite.de\" target=\"_blank\">Diabetes-Portal DiabSite<\/a><br \/>\n&#8211; <a href=\"https:\/\/www.diabetes-radio.de\/\" target=\"_blank\">DiabSite Diabetes-Radio<\/a> <\/p>\n<p>Wir fordern Sie daher ausdr\u00fccklich auf, bei Gesundheitsproblemen einen Arzt Ihres Vertrauens aufzusuchen. Nur Ihr behandelnder Arzt kann eine Diagnose stellen und die entsprechende Therapie einleiten.<\/p>\n<h3 id=\"kommentare\">Kommentare im DiabSite Diabetes-Weblog<\/h3>\n<p>Im DiabSite Diabetes-Weblog freuen wir uns in den Kategorien <a href=\"https:\/\/www.diabsite.de\/diabetes-weblog\/kategorien\/rezepte\/\" target=\"_blank\" title=\"neues Fenster\">Rezepte<\/a> und <a href=\"https:\/\/www.diabsite.de\/diabetes-weblog\/kategorien\/schritte-zaehlen\/\" target=\"_blank\" title=\"neues Fenster\">Schritte z\u00e4hlen<\/a> auf Ihre Kommentare. Dazu ein paar wichtige Hinweise:<\/p>\n<p>&#8211; Ihre Kommentarbeitr\u00e4ge werden von der DiabSite-Redaktion ehrenamtlich moderiert.<br \/>\n&#8211; Die Autoren der Kommentare sind keine \u00c4rzte.<br \/>\n&#8211; Ein ver\u00f6ffentlichter Kommentar ist f\u00fcr alle Nutzer des DiabSite Diabetes-Weblogs einsehbar.<br \/>\n&#8211; Die DiabSite-Redaktion beh\u00e4lt sich vor, Kommentare zu k\u00fcrzen oder ohne Angabe von Gr\u00fcnden abzuweisen bzw. zu l\u00f6schen.<br \/>\n&#8211; Wir bitten um gegenseitige Hilfsbereitschaft und den gegenseitige Respekt derjenigen, die Kommentare schreiben.<br \/>\n&#8211; Bitte schreiben Sie in Ihren Kommentaren nur Informationen, die Sie nach ihrem Wissensstand als wahr befinden.<br \/>\n&#8211; Sofern Sie nicht \u00fcber eigene Erfahrungen berichten, geben Sie bitte die Quelle(n) Ihrer Information an.<br \/>\n&#8211; Kommentare, die Werbung oder Beleidigungen enthalten, werden gel\u00f6scht.<br \/>\n&#8211; Ihr Kommentar und Name (auch Pseudonym m\u00f6glich) werden von uns gespeichert und nur auf Wunsch gel\u00f6scht.<br \/>\n&#8211; Ihre E-Mail-Adresse wird ebenfalls gespeichert, aber nicht ver\u00f6ffentlicht. Sie ist erforderlich, um Mehrfachpostings zu erkennen.<\/p>\n<p>Weitere Informationen zum Datenschutz entnehmen Sie bitte dem <a href=\"https:\/\/www.diabsite.de\/diabsite\/impressum.html#datenschutz\" target=\"_blank\" class=\"ds\" title=\"neues Fenster\">Impressum<\/a> auf dem Diabetes-Portal DiabSite.<\/p>\n<h3>Redaktion des DiabSite Diabetes-Weblogs<\/h3>\n<p><a href=\"https:\/\/www.diabsite.de\/diabetes-weblog\/wp-content\/themes\/diabsite\/images\/helga2.jpg\"><img loading=\"lazy\" decoding=\"async\" class=\"alignright\" src=\"https:\/\/www.diabsite.de\/diabetes-weblog\/wp-content\/themes\/diabsite\/images\/_helga2.jpg\" width=\"76\" height=\"100\" alt=\"Helga Uphoff\"  \/><\/a><br \/>\nHelga Uphoff (freie Journalistin)<br \/>\nKalckreuthstra\u00dfe 6<br \/>\nD-10777 Berlin<br \/>\nTel. +49 (0)30 &#8211; 214 789 14<br \/>\nmobil: +49 (0)163 &#8211; 439 16 09<\/p>\n<p>E-Mail: <a href=\"mailto:h.uphoff@diabsite.de\">h.uphoff@diabsite.de<\/a><\/p>\n<p>USt-IdNr.: DE191953404<\/p>\n<p>Inhaltlich verantwortlich gem\u00e4\u00df Rundfunkstaatsvertrag &#8211;&nbsp;RStV:<br \/>\nHelga Uphoff (Anschrift wie oben).<\/p>\n<div align=\"right\"><font size=\"1\" face=\"Verdana,sans-serif\">hu 12.04.2005<br \/>\naktualisiert: 23.09.2012<\/font><\/div>\n","protected":false},"excerpt":{"rendered":"<p>Das DiabSite Diabetes-Weblog ist ein publizistisches Angebot von Helga Uphoff, Chefredakteurin, freie Journalistin und Diabetikerin. Sie ist sich der besonderen Verantwortung bewusst, die mit der Vermittlung von Gesundheitsinformationen verbunden ist. Obwohl alle Inhalte sorgf\u00e4ltig gepr\u00fcft werden, kann eine Garantie f\u00fcr die Vollst\u00e4ndigkeit, Richtigkeit und letzte Aktualit\u00e4t nicht \u00fcbernommen werden. Die Redaktion des Diabetes-Portals DiabSite haftet [&hellip;]<\/p>\n","protected":false},"author":1,"featured_media":0,"parent":0,"menu_order":3,"comment_status":"closed","ping_status":"closed","template":"","meta":{"footnotes":""},"_links":{"self":[{"href":"https:\/\/www.diabsite.de\/diabetes-weblog\/wp-json\/wp\/v2\/pages\/18"}],"collection":[{"href":"https:\/\/www.diabsite.de\/diabetes-weblog\/wp-json\/wp\/v2\/pages"}],"about":[{"href":"https:\/\/www.diabsite.de\/diabetes-weblog\/wp-json\/wp\/v2\/types\/page"}],"author":[{"embeddable":true,"href":"https:\/\/www.diabsite.de\/diabetes-weblog\/wp-json\/wp\/v2\/users\/1"}],"replies":[{"embeddable":true,"href":"https:\/\/www.diabsite.de\/diabetes-weblog\/wp-json\/wp\/v2\/comments?post=18"}],"version-history":[{"count":112,"href":"https:\/\/www.diabsite.de\/diabetes-weblog\/wp-json\/wp\/v2\/pages\/18\/revisions"}],"predecessor-version":[{"id":22885,"href":"https:\/\/www.diabsite.de\/diabetes-weblog\/wp-json\/wp\/v2\/pages\/18\/revisions\/22885"}],"wp:attachment":[{"href":"https:\/\/www.diabsite.de\/diabetes-weblog\/wp-json\/wp\/v2\/media?parent=18"}],"curies":[{"name":"wp","href":"https:\/\/api.w.org\/{rel}","templated":true}]}}